{"id":2687,"date":"2024-04-09T08:35:26","date_gmt":"2024-04-09T08:35:26","guid":{"rendered":"https:\/\/fmthaishop.com\/?post_type=product&#038;p=2687"},"modified":"2024-06-23T20:59:10","modified_gmt":"2024-06-23T20:59:10","slug":"crevettes-sechees-congelees-100-g-frozen-dried-shrimp-%e0%b8%81%e0%b8%b8%e0%b9%89%e0%b8%87%e0%b9%81%e0%b8%ab%e0%b9%89%e0%b8%87","status":"publish","type":"product","link":"https:\/\/fmthaishop.com\/?product=crevettes-sechees-congelees-100-g-frozen-dried-shrimp-%e0%b8%81%e0%b8%b8%e0%b9%89%e0%b8%87%e0%b9%81%e0%b8%ab%e0%b9%89%e0%b8%87","title":{"rendered":"crevettes s\u00e9ch\u00e9es congel\u00e9es 100 g -frozen dried  shrimp &#8211; \u0e01\u0e38\u0e49\u0e07\u0e41\u0e2b\u0e49\u0e07"},"content":{"rendered":"","protected":false},"excerpt":{"rendered":"","protected":false},"featured_media":2689,"comment_status":"closed","ping_status":"closed","template":"","meta":{"om_disable_all_campaigns":false,"_monsterinsights_skip_tracking":false,"_monsterinsights_sitenote_active":false,"_monsterinsights_sitenote_note":"","_monsterinsights_sitenote_category":0,"_kadence_starter_templates_imported_post":false},"product_brand":[],"product_cat":[45,303],"product_tag":[280,265,108,55,56,281,278,250,106,92,154,197,279],"class_list":{"0":"post-2687","1":"product","2":"type-product","3":"status-publish","4":"has-post-thumbnail","6":"product_cat-epicerie-epicery","7":"product_cat-produits-secs","8":"product_tag-crevettes-sechees-congelees-100-g","9":"product_tag-epicerie","10":"product_tag-epicerie-asiatique","11":"product_tag-fm-thai-shop","12":"product_tag-fmthaishop","13":"product_tag-frozen-dried-shrimp","14":"product_tag-padthai","15":"product_tag-produits-thai","16":"product_tag-produits-thailandais","17":"product_tag-produits-thailandais-en-ligne","18":"product_tag-thaishop","19":"product_tag-thaishopinparis","20":"product_tag-279","22":"first","23":"instock","24":"purchasable","25":"product-type-simple"},"aioseo_notices":[],"_links":{"self":[{"href":"https:\/\/fmthaishop.com\/index.php?rest_route=\/wp\/v2\/product\/2687","targetHints":{"allow":["GET"]}}],"collection":[{"href":"https:\/\/fmthaishop.com\/index.php?rest_route=\/wp\/v2\/product"}],"about":[{"href":"https:\/\/fmthaishop.com\/index.php?rest_route=\/wp\/v2\/types\/product"}],"replies":[{"embeddable":true,"href":"https:\/\/fmthaishop.com\/index.php?rest_route=%2Fwp%2Fv2%2Fcomments&post=2687"}],"wp:featuredmedia":[{"embeddable":true,"href":"https:\/\/fmthaishop.com\/index.php?rest_route=\/wp\/v2\/media\/2689"}],"wp:attachment":[{"href":"https:\/\/fmthaishop.com\/index.php?rest_route=%2Fwp%2Fv2%2Fmedia&parent=2687"}],"wp:term":[{"taxonomy":"product_brand","embeddable":true,"href":"https:\/\/fmthaishop.com\/index.php?rest_route=%2Fwp%2Fv2%2Fproduct_brand&post=2687"},{"taxonomy":"product_cat","embeddable":true,"href":"https:\/\/fmthaishop.com\/index.php?rest_route=%2Fwp%2Fv2%2Fproduct_cat&post=2687"},{"taxonomy":"product_tag","embeddable":true,"href":"https:\/\/fmthaishop.com\/index.php?rest_route=%2Fwp%2Fv2%2Fproduct_tag&post=2687"}],"curies":[{"name":"wp","href":"https:\/\/api.w.org\/{rel}","templated":true}]}}