{"id":407,"date":"2024-01-10T19:52:23","date_gmt":"2024-01-10T19:52:23","guid":{"rendered":"https:\/\/fmthaishop.com\/?post_type=product&#038;p=407"},"modified":"2025-12-26T10:14:14","modified_gmt":"2025-12-26T10:14:14","slug":"poy-sian-nasal-inhaler","status":"publish","type":"product","link":"https:\/\/fmthaishop.com\/?product=poy-sian-nasal-inhaler","title":{"rendered":"POY SIAN &#8211; NASAL INHALER \u0e22\u0e32\u0e14\u0e21\u0e42\u0e1b\u0e4a\u0e22\u0e40\u0e0b\u0e35\u0e22\u0e19\u0e43\u0e0a\u0e49\u0e14\u0e21\u0e41\u0e25\u0e30\u0e17\u0e32\u0e43\u0e19\u0e2b\u0e25\u0e2d\u0e14\u0e40\u0e14\u0e35\u0e22\u0e27\u0e01\u0e31\u0e19"},"content":{"rendered":"<p>POY SIAN &#8211; NASAL INHALER V\u00e9ritable rem\u00e8de miracle pour le nez bouch\u00e9, les piq\u00fbres d&#8217;insectes et le mal de t\u00eate.<\/p>\n<ul>\n<li>Composition : Menthol 42%, huile min\u00e9rale 27%, Huile d&#8217;eucalyptus 8,5%, Born\u00e9ol 6,1%, Camphre 16,4%.<\/li>\n<li>Mode d&#8217;emploi :<br \/>\n1- D\u00e9vissez le capuchon sup\u00e9rieur pour un acc\u00e8s \u00e0 l&#8217;inhalateur, mettez l&#8217;inhalateur dans\u00a0votre\u00a0nez et inspirer profond\u00e9ment.<br \/>\n2- D\u00e9vissez le capuchon inf\u00e9rieur pour un acc\u00e8s \u00e0 l&#8217;huile m\u00e9dicinale, appliquer l&#8217;huile sur vos tempes ou cou pour d\u00e9gager votre nez, appliquez sur l&#8217;endroit de la piq\u00fbre d&#8217;insectes.<\/li>\n<\/ul>\n<p>Poy-Sian Mark II Menthol Aromatherapy Nasal Inhaler, Natural Herbal Remedy with cooling essentials oils.<\/p>\n<h3 class=\"a-spacing-mini\">Do You POY-SIAN?<\/h3>\n<p>&nbsp;<\/p>\n<ul class=\"a-unordered-list a-vertical\">\n<li><span class=\"a-list-item\">Nasal Breathing<\/span><\/li>\n<li><span class=\"a-list-item\">Nasal Congestion<\/span><\/li>\n<li><span class=\"a-list-item\">Mosquito Bites<\/span><\/li>\n<li><span class=\"a-list-item\">Relaxation<\/span><\/li>\n<li><span class=\"a-list-item\">Dizziness &amp; Mood<\/span><\/li>\n<li><span class=\"a-list-item\">Motion Sickness<\/span><\/li>\n<\/ul>\n<h3 class=\"a-spacing-mini\">At a glance<\/h3>\n<p>Unique 2 in 1 Solution<\/p>\n<p><span class=\"a-list-item\">Nasal Inhaler and <\/span><span class=\"a-list-item\">Aromatic Oil<\/span><\/p>\n<p>&nbsp;<\/p>\n<p>\u0e22\u0e32\u0e14\u0e21\u0e42\u0e1b\u0e4a\u0e22\u0e40\u0e0b\u0e35\u0e22\u0e19 \u0e43\u0e0a\u0e49\u0e14\u0e21\u0e41\u0e25\u0e30\u0e17\u0e32\u0e43\u0e19\u0e2b\u0e25\u0e2d\u0e14\u0e40\u0e14\u0e35\u0e22\u0e27\u0e01\u0e31\u0e19<\/p>\n<p><span data-spm-anchor-id=\"a2o4m.pdp_revamp.product_detail.i1.56ca7b80Ipg2X5\">\u0e23\u0e32\u0e22\u0e25\u0e30\u0e40\u0e2d\u0e35\u0e22\u0e14\u0e2a\u0e34\u0e19\u0e04\u0e49\u0e32**<\/span><\/p>\n<p data-spm-anchor-id=\"a2o4m.pdp_revamp.product_detail.i2.56ca7b80Ipg2X5\">&#8211; \u0e42\u0e1b\u0e4a\u0e22\u0e40\u0e0b\u0e35\u0e22\u0e19 \u0e43\u0e0a\u0e49\u0e14\u0e21\u0e43\u0e0a\u0e49\u0e17\u0e32\u0e43\u0e19\u0e2b\u0e25\u0e2d\u0e14\u0e40\u0e14\u0e35\u0e22\u0e27\u0e01\u0e31\u0e19<\/p>\n<p>&#8211; \u0e1a\u0e23\u0e23\u0e40\u0e17\u0e32\u0e2d\u0e32\u0e01\u0e32\u0e23\u0e04\u0e31\u0e14\u0e08\u0e21\u0e39\u0e01 \u0e27\u0e34\u0e07\u0e40\u0e27\u0e35\u0e22\u0e19\u0e28\u0e35\u0e23\u0e29\u0e30 \u0e2b\u0e19\u0e49\u0e32\u0e21\u0e37\u0e14\u0e04\u0e25\u0e49\u0e32\u0e22\u0e08\u0e30\u0e40\u0e1b\u0e47\u0e19\u0e25\u0e21\u0e2b\u0e23\u0e37\u0e2d\u0e04\u0e25\u0e37\u0e48\u0e19\u0e44\u0e2a\u0e49 \u0e40\u0e21\u0e37\u0e48\u0e2d\u0e43\u0e0a\u0e49\u0e14\u0e21\u0e41\u0e25\u0e49\u0e27\u0e0a\u0e48\u0e27\u0e22\u0e43\u0e2b\u0e49\u0e23\u0e39\u0e49\u0e2a\u0e36\u0e01\u0e42\u0e25\u0e48\u0e07\u0e41\u0e25\u0e30\u0e2a\u0e14\u0e0a\u0e37\u0e48\u0e19<\/p>\n<p>&#8211; \u0e25\u0e14\u0e2d\u0e32\u0e01\u0e32\u0e23\u0e04\u0e31\u0e14\u0e08\u0e21\u0e39\u0e01\u0e40\u0e19\u0e37\u0e48\u0e2d\u0e07\u0e08\u0e32\u0e01\u0e2b\u0e27\u0e31\u0e14 \u0e25\u0e14\u0e2d\u0e32\u0e01\u0e32\u0e23\u0e04\u0e25\u0e37\u0e48\u0e19\u0e44\u0e2a\u0e49 \u0e40\u0e27\u0e35\u0e22\u0e19\u0e2b\u0e31\u0e27<\/p>\n<p>&#8211; \u0e1e\u0e01\u0e1e\u0e32\u0e2a\u0e30\u0e14\u0e27\u0e01\u0e43\u0e0a\u0e49\u0e07\u0e48\u0e32\u0e22\u0e17\u0e38\u0e01\u0e17\u0e35\u0e48\u0e17\u0e38\u0e01\u0e40\u0e27\u0e25\u0e32<\/p>\n<p>&#8211; \u0e40\u0e1b\u0e47\u0e19\u0e22\u0e32\u0e43\u0e0a\u0e49\u0e20\u0e32\u0e22\u0e19\u0e2d\u0e01\u0e0b\u0e36\u0e48\u0e07\u0e1b\u0e23\u0e30\u0e01\u0e2d\u0e1a\u0e44\u0e1b\u0e14\u0e49\u0e27\u0e22 \u0e40\u0e21\u0e19\u0e17\u0e2d\u0e25 \u0e01\u0e32\u0e23\u0e1a\u0e39\u0e23 \u0e19\u0e49\u0e33\u0e21\u0e31\u0e19\u0e22\u0e39\u0e04\u0e32\u0e25\u0e34\u0e1b\u0e15\u0e31\u0e2a \u0e1e\u0e34\u0e21\u0e40\u0e2a\u0e19\u0e41\u0e25\u0e30\u0e2d\u0e37\u0e48\u0e19\u0e46<\/p>\n<p>**\u0e2a\u0e48\u0e27\u0e19\u0e1c\u0e2a\u0e21\u0e2b\u0e25\u0e31\u0e01**<\/p>\n<p>\u0e19\u0e49\u0e33\u0e21\u0e31\u0e19\u0e22\u0e39\u0e04\u0e32\u0e25\u0e34\u0e1b\u0e15\u0e31\u0e2a \u2013 8.5% \u0e40\u0e21\u0e19\u0e17\u0e2d\u0e25 \u2013 42%<\/p>\n<p>\u0e01\u0e32\u0e23\u0e1a\u0e39\u0e23 \u2013 16.4% \u0e1e\u0e34\u0e21\u0e40\u0e2a\u0e19 \u2013 6.1%<\/p>\n","protected":false},"excerpt":{"rendered":"<p>POY SIAN &#8211; NASAL INHALER<\/p>\n<p>&nbsp;<\/p>\n<p>&nbsp;<\/p>\n<h1 id=\"title\" class=\"a-size-large a-spacing-none\"><\/h1>\n","protected":false},"featured_media":408,"comment_status":"open","ping_status":"closed","template":"","meta":{"om_disable_all_campaigns":false,"_monsterinsights_skip_tracking":false,"_monsterinsights_sitenote_active":false,"_monsterinsights_sitenote_note":"","_monsterinsights_sitenote_category":0,"_kadence_starter_templates_imported_post":false},"product_brand":[],"product_cat":[43],"product_tag":[48,108,53,55,56,58,49,50,54,52,51,46,18,57,22,106,92,47,59,94,154],"class_list":{"0":"post-407","1":"product","2":"type-product","3":"status-publish","4":"has-post-thumbnail","6":"product_cat-sante-et-bien-etre","7":"product_tag-aromatherapy","8":"product_tag-epicerie-asiatique","9":"product_tag-essential-oils","10":"product_tag-fm-thai-shop","11":"product_tag-fmthaishop","12":"product_tag-france","13":"product_tag-headache","14":"product_tag-mal-a-la-tete","15":"product_tag-menthol","16":"product_tag-nasal-inhaler","17":"product_tag-natural-herbal-remedy","18":"product_tag-nez-bouche","19":"product_tag-nez-qui-coule","20":"product_tag-paris","21":"product_tag-piqures-dinsectes","22":"product_tag-produits-thailandais","23":"product_tag-produits-thailandais-en-ligne","24":"product_tag-remede","25":"product_tag-thai-procucts-in-paris","26":"product_tag-thai-shop","27":"product_tag-thaishop","29":"first","30":"instock","31":"purchasable","32":"product-type-simple"},"aioseo_notices":[],"_links":{"self":[{"href":"https:\/\/fmthaishop.com\/index.php?rest_route=\/wp\/v2\/product\/407","targetHints":{"allow":["GET"]}}],"collection":[{"href":"https:\/\/fmthaishop.com\/index.php?rest_route=\/wp\/v2\/product"}],"about":[{"href":"https:\/\/fmthaishop.com\/index.php?rest_route=\/wp\/v2\/types\/product"}],"replies":[{"embeddable":true,"href":"https:\/\/fmthaishop.com\/index.php?rest_route=%2Fwp%2Fv2%2Fcomments&post=407"}],"wp:featuredmedia":[{"embeddable":true,"href":"https:\/\/fmthaishop.com\/index.php?rest_route=\/wp\/v2\/media\/408"}],"wp:attachment":[{"href":"https:\/\/fmthaishop.com\/index.php?rest_route=%2Fwp%2Fv2%2Fmedia&parent=407"}],"wp:term":[{"taxonomy":"product_brand","embeddable":true,"href":"https:\/\/fmthaishop.com\/index.php?rest_route=%2Fwp%2Fv2%2Fproduct_brand&post=407"},{"taxonomy":"product_cat","embeddable":true,"href":"https:\/\/fmthaishop.com\/index.php?rest_route=%2Fwp%2Fv2%2Fproduct_cat&post=407"},{"taxonomy":"product_tag","embeddable":true,"href":"https:\/\/fmthaishop.com\/index.php?rest_route=%2Fwp%2Fv2%2Fproduct_tag&post=407"}],"curies":[{"name":"wp","href":"https:\/\/api.w.org\/{rel}","templated":true}]}}