{"id":6238,"date":"2025-07-29T07:57:18","date_gmt":"2025-07-29T07:57:18","guid":{"rendered":"https:\/\/fmthaishop.com\/?post_type=product&#038;p=6238"},"modified":"2026-01-12T11:00:15","modified_gmt":"2026-01-12T11:00:15","slug":"downy-adoucissant-pour-vetements-parfum-fruits-de-la-passion","status":"publish","type":"product","link":"https:\/\/fmthaishop.com\/?product=downy-adoucissant-pour-vetements-parfum-fruits-de-la-passion","title":{"rendered":"downy adoucissant pour v\u00eatements &#8211; parfum fruits de la passion"},"content":{"rendered":"<h2>Une fra\u00eecheur exotique pour vos v\u00eatements<\/h2>\n<p>D\u00e9couvrez le Downy adoucissant pour v\u00eatements &#8211; parfum fruits de la passion, le choix id\u00e9al pour donner \u00e0 votre linge une touche de douceur et une fragrance envo\u00fbtante. Con\u00e7u pour enrichir la texture de vos habits tout en les enveloppant d\u2019un parfum exotique, ce produit allie efficacit\u00e9 et plaisir sensoriel. Que ce soit pour vos v\u00eatements de tous les jours ou vos textiles les plus d\u00e9licats, Downy est votre solution pour un linge qui sent bon et reste impeccable.<\/p>\n<h2>Des habits doux comme une caresse<\/h2>\n<p>Avec sa formule avanc\u00e9e, ce produit agit directement sur les fibres textiles, r\u00e9duisant l\u2019effet r\u00eache souvent caus\u00e9 par le lavage. R\u00e9sultat ? Vos v\u00eatements sont plus souples, plus agr\u00e9ables et garantis sans accumulation de r\u00e9sidus. Le parfum fruits de la passion ajoute une note vive et tropicale, transportant votre esprit vers des plages paradisiaques \u00e0 chaque utilisation. Gr\u00e2ce \u00e0 Downy, chaque jour commence et se termine avec un linge propre et d\u00e9licatement parfum\u00e9.<\/p>\n<h2>Facile \u00e0 int\u00e9grer dans votre routine<\/h2>\n<p>Utiliser le Downy adoucissant est simple et efficace. Ajoutez une dose directement dans le compartiment d\u00e9di\u00e9 \u00e0 l\u2019assouplissant de votre machine, et laissez sa magie op\u00e9rer. Vous \u00eates \u00e0 la recherche d\u2019un produit qui respecte m\u00eame les tissus les plus fins ? Pas de souci, ce produit est sp\u00e9cialement con\u00e7u pour convenir \u00e0 tous les types de textiles, des draps aux v\u00eatements de sport. De plus, sa formule longue dur\u00e9e garantit que la fragrance reste impr\u00e9gn\u00e9e, m\u00eame apr\u00e8s plusieurs jours dans votre placard.<\/p>\n<p>Adopter le Downy adoucissant pour v\u00eatements &#8211; parfum fruits de la passion, c\u2019est investir dans un produit qui combine qualit\u00e9, praticit\u00e9, et sensorialit\u00e9. Faites de chaque lessive une exp\u00e9rience agr\u00e9able et procurez \u00e0 votre linge une douceur qui fait toute la diff\u00e9rence. Pourquoi attendre ? Transformez votre routine de lavage d\u00e8s aujourd\u2019hui avec Downy et profitez de v\u00eatements impeccables et divinement parfum\u00e9s.<\/p>\n","protected":false},"excerpt":{"rendered":"<h2>Une fra\u00eecheur exotique pour vos v\u00eatements<\/h2>\n<p>D\u00e9couvrez le Downy adoucissant pour v\u00eatements &#8211; parfum fruits de la passion, le choix id\u00e9al pour donner \u00e0 votre linge une touche de douceur et une fragrance envo\u00fbtante. Con\u00e7u pour enrichir la texture de vos habits tout en les enveloppant d\u2019un parfum exotique, ce produit allie efficacit\u00e9 et plaisir sensoriel. Que ce soit pour vos v\u00eatements de tous les jours ou vos textiles les plus d\u00e9licats, Downy est votre solution pour un linge qui sent bon et reste impeccable.<\/p>\n","protected":false},"featured_media":6240,"comment_status":"closed","ping_status":"closed","template":"","meta":{"om_disable_all_campaigns":false,"_monsterinsights_skip_tracking":false,"_monsterinsights_sitenote_active":false,"_monsterinsights_sitenote_note":"","_monsterinsights_sitenote_category":0,"_kadence_starter_templates_imported_post":false},"product_brand":[],"product_cat":[44],"product_tag":[360,347,359,108,331,55,56,356,328,57,68,250,67],"class_list":{"0":"post-6238","1":"product","2":"type-product","3":"status-publish","4":"has-post-thumbnail","6":"product_cat-vetements-clothes","7":"product_tag-adoucissant","8":"product_tag-boutique-thailandaise-en-ligne","9":"product_tag-downy","10":"product_tag-epicerie-asiatique","11":"product_tag-epiceriethaienligne","12":"product_tag-fm-thai-shop","13":"product_tag-fmthaishop","14":"product_tag-magasinthailandais","15":"product_tag-meilleursproduitsthailandaisenligne","16":"product_tag-paris","17":"product_tag-paris-france","18":"product_tag-produits-thai","19":"product_tag-thai-products-in-paris","21":"first","22":"outofstock","23":"purchasable","24":"product-type-simple"},"aioseo_notices":[],"_links":{"self":[{"href":"https:\/\/fmthaishop.com\/index.php?rest_route=\/wp\/v2\/product\/6238","targetHints":{"allow":["GET"]}}],"collection":[{"href":"https:\/\/fmthaishop.com\/index.php?rest_route=\/wp\/v2\/product"}],"about":[{"href":"https:\/\/fmthaishop.com\/index.php?rest_route=\/wp\/v2\/types\/product"}],"replies":[{"embeddable":true,"href":"https:\/\/fmthaishop.com\/index.php?rest_route=%2Fwp%2Fv2%2Fcomments&post=6238"}],"wp:featuredmedia":[{"embeddable":true,"href":"https:\/\/fmthaishop.com\/index.php?rest_route=\/wp\/v2\/media\/6240"}],"wp:attachment":[{"href":"https:\/\/fmthaishop.com\/index.php?rest_route=%2Fwp%2Fv2%2Fmedia&parent=6238"}],"wp:term":[{"taxonomy":"product_brand","embeddable":true,"href":"https:\/\/fmthaishop.com\/index.php?rest_route=%2Fwp%2Fv2%2Fproduct_brand&post=6238"},{"taxonomy":"product_cat","embeddable":true,"href":"https:\/\/fmthaishop.com\/index.php?rest_route=%2Fwp%2Fv2%2Fproduct_cat&post=6238"},{"taxonomy":"product_tag","embeddable":true,"href":"https:\/\/fmthaishop.com\/index.php?rest_route=%2Fwp%2Fv2%2Fproduct_tag&post=6238"}],"curies":[{"name":"wp","href":"https:\/\/api.w.org\/{rel}","templated":true}]}}