{"id":676,"date":"2024-01-30T09:16:33","date_gmt":"2024-01-30T09:16:33","guid":{"rendered":"https:\/\/fmthaishop.com\/?post_type=product&#038;p=676"},"modified":"2024-08-18T14:34:06","modified_gmt":"2024-08-18T14:34:06","slug":"le-curry-jaune-yellow-curry-%e0%b9%81%e0%b8%81%e0%b8%87%e0%b8%81%e0%b8%b0%e0%b8%ab%e0%b8%a3%e0%b8%b5%e0%b9%88","status":"publish","type":"product","link":"https:\/\/fmthaishop.com\/?product=le-curry-jaune-yellow-curry-%e0%b9%81%e0%b8%81%e0%b8%87%e0%b8%81%e0%b8%b0%e0%b8%ab%e0%b8%a3%e0%b8%b5%e0%b9%88","title":{"rendered":"Le curry Jaune &#8211; Yellow curry &#8211; \u0e41\u0e01\u0e07\u0e01\u0e30\u0e2b\u0e23\u0e35\u0e48"},"content":{"rendered":"<p>Le curry Jaune est plus riche et plus cr\u00e9meux que d&#8217;autres currys tha\u00eflandais puisque de la cr\u00e8me de noix de coco est utilis\u00e9e en plus du lait de coco. Le curry jaune tha\u00eflandais peut \u00eatre fait avec du canard, du poulet, du tofu, des crevettes, du poisson, ou des l\u00e9gumes et se mange avec du riz cuit \u00e0 la vapeur ou des nouilles de riz rondes appel\u00e9es <em>khanom chin<\/em>.<\/p>\n<p><b>Yellow curry<\/b>\u00a0(\u00a0<span lang=\"th\">\u0e41\u0e01\u0e07\u0e01\u0e30\u0e2b\u0e23\u0e35\u0e48<\/span>) is a Thai\u00a0dish made from\u00a0cumin,\u00a0coriander,\u00a0turmeric,\u00a0fenugreek,\u00a0garlic,\u00a0salt,\u00a0bay leaf,\u00a0lemongrass,\u00a0cayenne pepper,\u00a0ginger,\u00a0mace and\u00a0. It is generally milder than other\u00a0Thai curries, being that it contains less chilli.<\/p>\n<p>Thai yellow curry is most typically served with chicken or beef and a starchy vegetable, most often potatoes, but it can be made with duck,\u00a0tofu, shrimp, fish, or vegetables and is eaten with\u00a0steamed rice<sup id=\"cite_ref-3\" class=\"reference\"><\/sup> or round rice noodles known as khanom chin.<\/p>\n<p><i>Kaeng lueang<\/i>\u00a0(\u00a0<span lang=\"th\">\u0e41\u0e01\u0e07\u0e40\u0e2b\u0e25\u0e37\u0e2d\u0e07<\/span>), which directly translated means &#8220;yellow curry&#8221; in Thai.<sup id=\"cite_ref-4\" class=\"reference\"><\/sup>This dish is called\u00a0<i>kaeng som<\/i>\u00a0or &#8220;sour curry&#8221; in southern Thailand.<sup id=\"cite_ref-5\" class=\"reference\"><\/sup>It is a sour curry that is lighter in color than\u00a0<i>kaeng kari<\/i>, but spicier and sharper in taste.<\/p>\n<p><b>\u0e41\u0e01\u0e07\u0e01\u0e30\u0e2b\u0e23\u0e35\u0e48<\/b>\u00a0\u0e40\u0e1b\u0e47\u0e19\u0e2b\u0e19\u0e36\u0e48\u0e07\u0e43\u0e19\u0e2a\u0e32\u0e21\u0e41\u0e01\u0e07\u0e2b\u0e25\u0e31\u0e01\u0e02\u0e2d\u0e07\u0e44\u0e17\u0e22\u00a0\u0e23\u0e48\u0e27\u0e21\u0e01\u0e31\u0e1a\u0e41\u0e01\u0e07\u0e40\u0e02\u0e35\u0e22\u0e27\u0e2b\u0e27\u0e32\u0e19\u0e41\u0e25\u0e30\u0e41\u0e01\u0e07\u0e40\u0e1c\u0e47\u0e14\u00a0\u0e40\u0e1b\u0e47\u0e19\u0e23\u0e32\u0e22\u0e01\u0e32\u0e23\u0e2d\u0e32\u0e2b\u0e32\u0e23\u0e17\u0e35\u0e48\u0e1e\u0e1a\u0e44\u0e14\u0e49\u0e43\u0e19\u0e23\u0e49\u0e32\u0e19\u0e2d\u0e32\u0e2b\u0e32\u0e23\u0e44\u0e17\u0e22\u0e43\u0e19\u0e15\u0e48\u0e32\u0e07\u0e1b\u0e23\u0e30\u0e40\u0e17\u0e28 \u0e42\u0e14\u0e22\u0e40\u0e09\u0e1e\u0e32\u0e30\u0e43\u0e19\u0e1b\u0e23\u0e30\u0e40\u0e17\u0e28\u0e15\u0e30\u0e27\u0e31\u0e19\u0e15\u0e01<sup id=\"cite_ref-1\" class=\"reference\"><\/sup><\/p>\n<p>\u0e43\u0e19\u0e20\u0e32\u0e29\u0e32\u0e2d\u0e31\u0e07\u0e01\u0e24\u0e29\u0e08\u0e30\u0e40\u0e23\u0e35\u0e22\u0e01\u0e41\u0e01\u0e07\u0e01\u0e30\u0e2b\u0e23\u0e35\u0e48\u0e44\u0e17\u0e22\u0e27\u0e48\u0e32 &#8220;\u0e41\u0e01\u0e07\u0e40\u0e2b\u0e25\u0e37\u0e2d\u0e07&#8221; (<span title=\"\u0e02\u0e49\u0e2d\u0e04\u0e27\u0e32\u0e21\u0e20\u0e32\u0e29\u0e32\u0e2d\u0e31\u0e07\u0e01\u0e24\u0e29\"><i lang=\"en\">yellow curry<\/i><\/span>) \u0e40\u0e0a\u0e48\u0e19\u0e40\u0e14\u0e35\u0e22\u0e27\u0e01\u0e31\u0e1a\u0e17\u0e35\u0e48\u0e40\u0e23\u0e35\u0e22\u0e01\u0e41\u0e01\u0e07\u0e40\u0e02\u0e35\u0e22\u0e27\u0e2b\u0e27\u0e32\u0e19\u0e27\u0e48\u0e32 &#8220;\u0e41\u0e01\u0e07\u0e40\u0e02\u0e35\u0e22\u0e27&#8221; (<span title=\"\u0e02\u0e49\u0e2d\u0e04\u0e27\u0e32\u0e21\u0e20\u0e32\u0e29\u0e32\u0e2d\u0e31\u0e07\u0e01\u0e24\u0e29\"><i lang=\"en\">green curry<\/i><\/span>) \u0e41\u0e25\u0e30\u0e40\u0e23\u0e35\u0e22\u0e01\u0e41\u0e01\u0e07\u0e40\u0e1c\u0e47\u0e14\u0e27\u0e48\u0e32 &#8220;\u0e41\u0e01\u0e07\u0e41\u0e14\u0e07&#8221; (<span title=\"\u0e02\u0e49\u0e2d\u0e04\u0e27\u0e32\u0e21\u0e20\u0e32\u0e29\u0e32\u0e2d\u0e31\u0e07\u0e01\u0e24\u0e29\"><i lang=\"en\">red curry<\/i><\/span>) \u0e23\u0e27\u0e21\u0e01\u0e31\u0e19\u0e40\u0e1b\u0e47\u0e19\u0e41\u0e01\u0e07 3 \u0e2a\u0e35 \u0e2d\u0e22\u0e48\u0e32\u0e07\u0e44\u0e23\u0e01\u0e47\u0e15\u0e32\u0e21 \u0e41\u0e01\u0e07\u0e01\u0e30\u0e2b\u0e23\u0e35\u0e48\u0e44\u0e17\u0e22\u0e40\u0e1b\u0e47\u0e19\u0e04\u0e19\u0e25\u0e30\u0e2d\u0e22\u0e48\u0e32\u0e07\u0e01\u0e31\u0e1a\u0e41\u0e01\u0e07\u0e40\u0e2b\u0e25\u0e37\u0e2d\u0e07\u0e0b\u0e36\u0e48\u0e07\u0e40\u0e1b\u0e47\u0e19\u0e2d\u0e32\u0e2b\u0e32\u0e23\u0e1b\u0e31\u0e01\u0e29\u0e4c\u0e43\u0e15\u0e49<\/p>\n<p>\u0e41\u0e01\u0e07\u0e01\u0e30\u0e2b\u0e23\u0e35\u0e48\u0e44\u0e17\u0e22\u0e19\u0e31\u0e49\u0e19\u0e21\u0e35\u0e40\u0e2d\u0e01\u0e25\u0e31\u0e01\u0e29\u0e13\u0e4c\u0e17\u0e35\u0e48\u0e15\u0e48\u0e32\u0e07\u0e08\u0e32\u0e01\u0e41\u0e01\u0e07\u0e01\u0e30\u0e2b\u0e23\u0e35\u0e48\u0e14\u0e31\u0e49\u0e07\u0e40\u0e14\u0e34\u0e21\u0e0b\u0e36\u0e48\u0e07\u0e21\u0e35\u0e17\u0e35\u0e48\u0e21\u0e32\u0e08\u0e32\u0e01\u0e2d\u0e34\u0e19\u0e40\u0e14\u0e35\u0e22\u00a0\u0e2b\u0e23\u0e37\u0e2d\u0e41\u0e01\u0e07\u0e01\u0e30\u0e2b\u0e23\u0e35\u0e48\u0e0d\u0e35\u0e48\u0e1b\u0e38\u0e48\u0e19\u00a0\u0e15\u0e23\u0e07\u0e17\u0e35\u0e48\u0e21\u0e35\u0e01\u0e32\u0e23\u0e43\u0e2a\u0e48\u0e01\u0e30\u0e17\u0e34<\/p>\n","protected":false},"excerpt":{"rendered":"<p>Le curry Jaune est plus riche et plus cr\u00e9meux que d&#8217;autres currys tha\u00eflandais puisque de la cr\u00e8me de noix de coco est utilis\u00e9e en plus du lait de coco. Le curry jaune tha\u00eflandais peut \u00eatre fait avec du canard, du poulet, du tofu, des crevettes, du poisson, ou des l\u00e9gumes et se mange avec du riz cuit \u00e0 la vapeur ou des nouilles de riz rondes appel\u00e9es khanom chin.<\/p>\n","protected":false},"featured_media":620,"comment_status":"open","ping_status":"closed","template":"","meta":{"om_disable_all_campaigns":false,"_monsterinsights_skip_tracking":false,"_monsterinsights_sitenote_active":false,"_monsterinsights_sitenote_note":"","_monsterinsights_sitenote_category":0,"_kadence_starter_templates_imported_post":false},"product_brand":[],"product_cat":[306,45],"product_tag":[108,55,163,94,164,162],"class_list":{"0":"post-676","1":"product","2":"type-product","3":"status-publish","4":"has-post-thumbnail","6":"product_cat-aides-a-la-preparation","7":"product_cat-epicerie-epicery","8":"product_tag-epicerie-asiatique","9":"product_tag-fm-thai-shop","10":"product_tag-pate-de-curry-jaune","11":"product_tag-thai-shop","12":"product_tag-yellow-curry","13":"product_tag-162","15":"first","16":"instock","17":"purchasable","18":"product-type-simple"},"aioseo_notices":[],"_links":{"self":[{"href":"https:\/\/fmthaishop.com\/index.php?rest_route=\/wp\/v2\/product\/676","targetHints":{"allow":["GET"]}}],"collection":[{"href":"https:\/\/fmthaishop.com\/index.php?rest_route=\/wp\/v2\/product"}],"about":[{"href":"https:\/\/fmthaishop.com\/index.php?rest_route=\/wp\/v2\/types\/product"}],"replies":[{"embeddable":true,"href":"https:\/\/fmthaishop.com\/index.php?rest_route=%2Fwp%2Fv2%2Fcomments&post=676"}],"wp:featuredmedia":[{"embeddable":true,"href":"https:\/\/fmthaishop.com\/index.php?rest_route=\/wp\/v2\/media\/620"}],"wp:attachment":[{"href":"https:\/\/fmthaishop.com\/index.php?rest_route=%2Fwp%2Fv2%2Fmedia&parent=676"}],"wp:term":[{"taxonomy":"product_brand","embeddable":true,"href":"https:\/\/fmthaishop.com\/index.php?rest_route=%2Fwp%2Fv2%2Fproduct_brand&post=676"},{"taxonomy":"product_cat","embeddable":true,"href":"https:\/\/fmthaishop.com\/index.php?rest_route=%2Fwp%2Fv2%2Fproduct_cat&post=676"},{"taxonomy":"product_tag","embeddable":true,"href":"https:\/\/fmthaishop.com\/index.php?rest_route=%2Fwp%2Fv2%2Fproduct_tag&post=676"}],"curies":[{"name":"wp","href":"https:\/\/api.w.org\/{rel}","templated":true}]}}